t d(c) = c - 2. Let u be d(5). Suppose -s = -0*s - 2, -u*o + 3*s + 75 = 0. What is the remainder when o is divided by 15?
12
Let n(g) = -g**3 + 3*g**2 + 3*g + 3. Let p be n(4). Let q(l) = -102*l**3 + l**2 + 2*l + 1. Calculate the remainder when q(p) is divided by 26.
24
Suppose 0 = 5*g - 0 + 45. Let z = -2 - g. Calculate the remainder when z is divided by 2.
1
Let f = -17 - -33. Suppose 25*h = 24*h + 6. What is the remainder when f is divided by h?
4
Let n = 37 - 25. Suppose 0 = -3*j + 39. Suppose -v + j = -21. Calculate the remainder when v is divided by n.
10
Calculate the remainder when 15 is divided by ((-35)/(-3))/5 - 2/(-3).
0
Let y(r) be the third derivative of -r**4/24 + 4*r**3/3 + 2*r**2. Let j be y(6). Calculate the remainder when (-73 - j)*3/(-9) is divided by 9.
7
What is the remainder when 157 is divided by (-4)/(3/(-24)*1)?
29
Suppose -w + 4 = -s, 2*w = -4*s - s + 8. Calculate the remainder when 14 is divided by w.
2
Suppose -4*t - 18 = -f, -f + 9 + 30 = 3*t. Let y be 42/8*5*4. Suppose 5*v + 9*h - y = 4*h, 2*v + h = 37. What is the remainder when f is divided by v?
14
Let a = -83 + 127. What is the remainder when a is divided by 37?
7
Let u(k) = -k**2 - k - 1. Let r(d) = 8*d**2 - 4*d - 4. Let q(a) = r(a) - 3*u(a). What is the remainder when q(-1) is divided by 4?
3
Let p(f) = 20*f**2 - 2*f + 1. Let y be p(1). Suppose -5*n + h = -29, 4*n - y = 5*h + 21. Let j = n + -2. What is the remainder when 9 is divided by j?
0
Suppose -g + 2 = 5*o - 19, o = g + 9. Let q(s) = -4*s**2 - 1. Let i be q(2). Let j = -4 - i. Calculate the remainder when j is divided by o.
3
Let p be 5/(45/(-6))*-6. Suppose 2*y - b = -2*b + 197, -p*y = 5*b - 409. Let j = y - 49. What is the remainder when j is divided by 16?
15
Suppose 0 = 5*n + 20 - 0. Let s(y) = -y. Let p be s(n). Suppose -3*g - 10 = 4*u - 46, 2*u + p*g - 28 = 0. Calculate the remainder when u is divided by 2.
0
Suppose 0 = -r - 4*r. Let j(o) = -o + 14. Calculate the remainder when 39 is divided by j(r).
11
Suppose -h + 12 + 40 = 0. Suppose -2*i - 6 + 42 = 0. Calculate the remainder when h is divided by i.
16
Suppose 4*t = 11 + 9. What is the remainder when 8 is divided by t?
3
Let a = 66 - 44. What is the remainder when 59 is divided by a?
15
Suppose m - 4 = 0, 166 + 50 = -4*r - 4*m. Let b be (-2 - -1)*0 + r. What is the remainder when (b/(-5))/((-2)/(-10)) is divided by 20?
18
Let l = 4 - 3. Calculate the remainder when 1 is divided by l.
0
Suppose -2*h = -2*l + 170, 3*l - h = -3*h + 240. Let i = l - 44. What is the remainder when i is divided by 20?
18
Let z be ((-3 - 1) + 3)*-7. Suppose 4*n - z = 9. Calculate the remainder when 9 is divided by n.
1
Let v(y) = 6*y**2 - y - 1. Let k be v(-2). Suppose k + 3 = 4*t. Let j(i) = i**2 + 8*i. Calculate the remainder when j(-10) is divided by t.
6
Let s = -106 - -196. Let u = s - 51. Let r = 89 - u. Calculate the remainder when r is divided by 17.
16
Suppose 0 = -11*n + 182 - 39. Let l(i) = i**2 + 3*i - 1. Let p be l(-7). What is the remainder when p/2*8/3 is divided by n?
10
Suppose -2*d = 5 - 17. Suppose u + 14 - 33 = -3*i, 0 = 4*i - 20. Calculate the remainder when d is divided by u.
2
Suppose 4*s - 36 - 19 = -o, 9 = 3*o. Let q = s + -1. What is the remainder when 35 is divided by q?
11
Suppose 3*b - 20*b = -323. What is the remainder when 34 is divided by b?
15
Let r(s) = -7*s - 8. Let z be r(-6). Suppose z = 2*h + 2*g - 0, -2*h + 29 = -3*g. Calculate the remainder when 31 is divided by h.
15
Let n = 34 + -21. Suppose 4*s - 4*a = 84, 2*a = -s + 4*a + 17. What is the remainder when s is divided by n?
12
Let y(r) = 2*r**3 - 4*r**2 + r - 4. Let f(o) = o**3 - 6*o**2 + 9*o - 6. Calculate the remainder when f(6) is divided by y(3).
14
Suppose -r + 3*f = 12, -r + 2*f = f + 2. Suppose r*q - 59 = -5*t, 2*t - 2*q - 17 = -3. Calculate the remainder when 28 is divided by t.
8
Let v be ((-1)/4)/((-2)/56). Suppose 0 = -2*r - 8, r = 2*b - 11 - v. What is the remainder when (-1)/(-2)*2*13 is divided by b?
6
Let q(a) = 4*a - 2. What is the remainder when q(3) is divided by 6?
4
Let g(c) = -c**3 + 4*c + 3. Let r be g(-2). Let s = 74 - 37. Calculate the remainder when s is divided by (r - 0)*52/12.
11
Suppose 2*i + 0*i = 0. Suppose i = 2*n - 13 - 13. Let k = n - -9. Calculate the remainder when k is divided by 12.
10
Let l be 2*2/1*1. Suppose -3*w + 60 = l*u, -w + 5*w + 70 = 3*u. Calculate the remainder when u is divided by ((-6)/10)/(21/(-350)).
8
Let r(k) = -k**2 - 18*k - 33. What is the remainder when 6/21 - (-934)/14 is divided by r(-14)?
21
Let n be 5/3*(-1 + 4). Suppose 16 = n*d - d. Calculate the remainder when 32 is divided by (-22)/(-6)*(d + -1).
10
Let v = 50 + -6. Calculate the remainder when v is divided by 16.
12
Let w(i) = 8*i - 11. Let s(u) = -8*u + 10. Let a(p) = 6*s(p) + 5*w(p). What is the remainder when a(-4) is divided by 13?
11
Suppose 6*q = q + 30. What is the remainder when 25 is divided by 1 + q/(-3) + 10?
7
Let y = 43 - 80. Let w = 3 - y. Calculate the remainder when w is divided by 14.
12
Suppose 0 = 4*c - 50 + 6. Calculate the remainder when 20 is divided by c.
9
Let x(c) = -c**3 + 11*c**2 - 11. What is the remainder when x(10) is divided by 10?
9
Let w(z) be the first derivative of -z**4/4 - 2*z**3/3 + 2*z + 1. Calculate the remainder when 32 is divided by w(-3).
10
Let j = 35 + -18. Suppose -2*p - 3*r + 7 = 0, 6*p - 2*p - j = -3*r. What is the remainder when 6 - (-3)/(1 + 0) is divided by p?
4
Suppose 3*k = -k + 184. What is the remainder when 365 is divided by k?
43
Suppose -4*u - 2*l = -0*l - 112, -2*l + 82 = 3*u. Suppose -4*j - j + u = 0. Calculate the remainder when 22 is divided by 2/4 + 69/j.
10
Suppose 33 + 23 = 2*l - 3*u, -20 = -5*u. Let j be -2 + 8 + -2 - 2. What is the remainder when l is divided by -2 + (0 - -16) - j?
10
Let h = -85 + 88. Let a(v) be the second derivative of 5*v**3/3 - 2*v**2 + v. What is the remainder when a(h) is divided by 9?
8
Let y = 63 - -17. Calculate the remainder when y is divided by 27.
26
Let j(n) = -n**3 + 5*n**2 + n + 2. Let h be j(5). Let b = -3 + h. Let a(v) = 4*v - 6. What is the remainder when 28 is divided by a(b)?
8
Let g be (-5)/2 - (-27)/(-18). Suppose 3 = m - 3. Let p = g + m. Calculate the remainder when 3 is divided by p.
1
Let r(v) = -6*v - 2. What is the remainder when r(-3) is divided by (2/4)/(1/18)?
7
Let k be (-856)/(-56) + 2/(-7). What is the remainder when 13 is divided by (-2)/(9/k - 1)?
3
Suppose 4*k - 38 = 6. Let m = k + -1. What is the remainder when 28 is divided by m?
8
Let i(s) = -2*s**2 + 14*s. Calculate the remainder when 69 is divided by i(6).
9
Suppose 241 = -5*o - 5*u + 66, -u = -3*o - 85. Let b(d) = d**3 + 6*d**2 - 7*d + 1. Calculate the remainder when b(-6) is divided by (3/6)/((-1)/o).
13
Let q = -179 + 303. Calculate the remainder when q is divided by 32.
28
What is the remainder when 3*(-26)/(-18)*21 is divided by 19?
15
Let v = -19 + 30. Let r be 1/1 - (80 + -1). Let g = r - -109. Calculate the remainder when g is divided by v.
9
Suppose -j = 2*j - 267. Suppose -37 = -4*y + 87. What is the remainder when j is divided by y?
27
Let k = -37 + 68. What is the remainder when 61 is divided by k?
30
Let o = -12 - -18. Calculate the remainder when 11 is divided by (-14)/(-4) + (-3)/o.
2
Let m = 94 - 75. What is the remainder when 69 is divided by m?
12
Suppose 3*t = 0, 2*q - 2*t - 2*t = 12. Suppose -123 = -q*l - 33. Calculate the remainder when l is divided by 4.
3
Suppose -2*i + 0*i + 8 = 0. Let q = i + 5. Calculate the remainder when q is divided by 3.
0
Suppose n - 54 - 5 = 0. Suppose -n = -4*m + 65. What is the remainder when m is divided by 11?
9
What is the remainder when 33 is divided by ((-27)/15)/(9/(-60))?
9
Let z = -4 - -12. Let b(s) = s**2 - 4*s - 6. Let x be b(5). What is the remainder when z is divided by (-10)/(-2) + 1 + x?
3
Let c = -6 + 3. Let l(f) = -6*f**2 - 5*f - 7. Let m(j) = 3*j**2 + 2*j + 3. Let t(v) = 3*l(v) + 7*m(v). Calculate the remainder when t(c) is divided by 16.
14
Let v = -163 - -175. What is the remainder when 43 is divided by v?
7
Let r(j) = -2*j**2 - j. Let g(s) = -s**3 - 4*s**2 - s - 5. Let y be g(-4). Let w be r(y). Calculate the remainder when 12 is divided by (w + 0)/(3/(-15)).
2
Let l = -3 + -1. What is the remainder when -25*